{"id":203,"date":"2015-09-24T22:43:17","date_gmt":"2015-09-24T22:43:17","guid":{"rendered":"http:\/\/gnrbrasil.net\/wordpress\/?page_id=203"},"modified":"2023-09-02T13:08:51","modified_gmt":"2023-09-02T13:08:51","slug":"portateis","status":"publish","type":"page","link":"https:\/\/www.gnrbrasil.net\/wordpress\/index.php\/produtos\/espectrometros-de-emissao-optica\/portateis\/","title":{"rendered":"Espectr\u00f4metro Port\u00e1til"},"content":{"rendered":"\t\t<div data-elementor-type=\"wp-page\" data-elementor-id=\"203\" class=\"elementor elementor-203\">\n\t\t\t\t<div class=\"elementor-element elementor-element-1471e26 e-flex e-con-boxed e-con e-parent\" data-id=\"1471e26\" data-element_type=\"container\" data-e-type=\"container\">\n\t\t\t\t\t<div class=\"e-con-inner\">\n\t\t\t\t<div class=\"elementor-element elementor-element-7cc8237 elementor-widget elementor-widget-heading\" data-id=\"7cc8237\" data-element_type=\"widget\" data-e-type=\"widget\" data-widget_type=\"heading.default\">\n\t\t\t\t<div class=\"elementor-widget-container\">\n\t\t\t\t\t<h1 class=\"elementor-heading-title elementor-size-default\">Espectr\u00f4metros<\/h1>\t\t\t\t<\/div>\n\t\t\t\t<\/div>\n\t\t\t\t\t<\/div>\n\t\t\t\t<\/div>\n\t\t<div class=\"elementor-element elementor-element-267e2f9 e-flex e-con-boxed e-con e-parent\" data-id=\"267e2f9\" data-element_type=\"container\" data-e-type=\"container\">\n\t\t\t\t\t<div class=\"e-con-inner\">\n\t\t\t\t<div class=\"elementor-element elementor-element-7caff40 elementor-widget elementor-widget-heading\" data-id=\"7caff40\" data-element_type=\"widget\" data-e-type=\"widget\" data-widget_type=\"heading.default\">\n\t\t\t\t<div class=\"elementor-widget-container\">\n\t\t\t\t\t<h2 class=\"elementor-heading-title elementor-size-xxl\">ESAPORT<\/h2>\t\t\t\t<\/div>\n\t\t\t\t<\/div>\n\t\t\t\t\t<\/div>\n\t\t\t\t<\/div>\n\t\t<div class=\"elementor-element elementor-element-21005ef e-flex e-con-boxed e-con e-parent\" data-id=\"21005ef\" data-element_type=\"container\" data-e-type=\"container\">\n\t\t\t\t\t<div class=\"e-con-inner\">\n\t\t\t\t<div class=\"elementor-element elementor-element-e134b1c elementor-widget elementor-widget-image\" data-id=\"e134b1c\" data-element_type=\"widget\" data-e-type=\"widget\" data-widget_type=\"image.default\">\n\t\t\t\t<div class=\"elementor-widget-container\">\n\t\t\t\t\t\t\t\t\t\t\t\t\t\t\t<img fetchpriority=\"high\" decoding=\"async\" width=\"768\" height=\"509\" src=\"https:\/\/www.gnrbrasil.net\/wordpress\/wp-content\/uploads\/2023\/08\/Esaport2-768x509.jpg\" class=\"attachment-medium_large size-medium_large wp-image-1179\" alt=\"\" srcset=\"https:\/\/www.gnrbrasil.net\/wordpress\/wp-content\/uploads\/2023\/08\/Esaport2-768x509.jpg 768w, https:\/\/www.gnrbrasil.net\/wordpress\/wp-content\/uploads\/2023\/08\/Esaport2-1000x663.jpg 1000w, https:\/\/www.gnrbrasil.net\/wordpress\/wp-content\/uploads\/2023\/08\/Esaport2-150x99.jpg 150w, https:\/\/www.gnrbrasil.net\/wordpress\/wp-content\/uploads\/2023\/08\/Esaport2.jpg 1417w\" sizes=\"(max-width: 768px) 100vw, 768px\" \/>\t\t\t\t\t\t\t\t\t\t\t\t\t\t\t<\/div>\n\t\t\t\t<\/div>\n\t\t\t\t\t<\/div>\n\t\t\t\t<\/div>\n\t\t<div class=\"elementor-element elementor-element-33c8f24 e-flex e-con-boxed e-con e-parent\" data-id=\"33c8f24\" data-element_type=\"container\" data-e-type=\"container\">\n\t\t\t\t\t<div class=\"e-con-inner\">\n\t\t\t\t<div class=\"elementor-element elementor-element-dbbb956 elementor-align-center elementor-widget elementor-widget-button\" data-id=\"dbbb956\" data-element_type=\"widget\" data-e-type=\"widget\" data-widget_type=\"button.default\">\n\t\t\t\t<div class=\"elementor-widget-container\">\n\t\t\t\t\t\t\t\t\t<div class=\"elementor-button-wrapper\">\n\t\t\t\t\t<a class=\"elementor-button elementor-button-link elementor-size-sm\" href=\"https:\/\/www.gnrbrasil.net\/wordpress\/wp-content\/uploads\/2015\/09\/ESAPORT-2015.pdf\" target=\"_blank\">\n\t\t\t\t\t\t<span class=\"elementor-button-content-wrapper\">\n\t\t\t\t\t\t<span class=\"elementor-button-icon\">\n\t\t\t\t<svg aria-hidden=\"true\" class=\"e-font-icon-svg e-far-hand-point-up\" viewBox=\"0 0 448 512\" xmlns=\"http:\/\/www.w3.org\/2000\/svg\"><path d=\"M105.6 83.2v86.177a115.52 115.52 0 0 0-22.4-2.176c-47.914 0-83.2 35.072-83.2 92 0 45.314 48.537 57.002 78.784 75.707 12.413 7.735 23.317 16.994 33.253 25.851l.146.131.148.129C129.807 376.338 136 384.236 136 391.2v2.679c-4.952 5.747-8 13.536-8 22.12v64c0 17.673 12.894 32 28.8 32h230.4c15.906 0 28.8-14.327 28.8-32v-64c0-8.584-3.048-16.373-8-22.12V391.2c0-28.688 40-67.137 40-127.2v-21.299c0-62.542-38.658-98.8-91.145-99.94-17.813-12.482-40.785-18.491-62.791-15.985A93.148 93.148 0 0 0 272 118.847V83.2C272 37.765 234.416 0 188.8 0c-45.099 0-83.2 38.101-83.2 83.2zm118.4 0v91.026c14.669-12.837 42.825-14.415 61.05 4.95 19.646-11.227 45.624-1.687 53.625 12.925 39.128-6.524 61.325 10.076 61.325 50.6V264c0 45.491-35.913 77.21-39.676 120H183.571c-2.964-25.239-21.222-42.966-39.596-59.075-12.65-11.275-25.3-21.725-39.875-30.799C80.712 279.645 48 267.994 48 259.2c0-23.375 8.8-44 35.2-44 35.2 0 53.075 26.4 70.4 26.4V83.2c0-18.425 16.5-35.2 35.2-35.2 18.975 0 35.2 16.225 35.2 35.2zM352 424c13.255 0 24 10.745 24 24s-10.745 24-24 24-24-10.745-24-24 10.745-24 24-24z\"><\/path><\/svg>\t\t\t<\/span>\n\t\t\t\t\t\t\t\t\t<span class=\"elementor-button-text\">Baixar folheto<\/span>\n\t\t\t\t\t<\/span>\n\t\t\t\t\t<\/a>\n\t\t\t\t<\/div>\n\t\t\t\t\t\t\t\t<\/div>\n\t\t\t\t<\/div>\n\t\t\t\t\t<\/div>\n\t\t\t\t<\/div>\n\t\t\t\t<section class=\"elementor-section elementor-top-section elementor-element elementor-element-17b8bd16 elementor-section-boxed elementor-section-height-default elementor-section-height-default\" data-id=\"17b8bd16\" data-element_type=\"section\" data-e-type=\"section\">\n\t\t\t\t\t\t<div class=\"elementor-container elementor-column-gap-default\">\n\t\t\t\t\t<div class=\"elementor-column elementor-col-100 elementor-top-column elementor-element elementor-element-2c63f5f8\" data-id=\"2c63f5f8\" data-element_type=\"column\" data-e-type=\"column\">\n\t\t\t<div class=\"elementor-widget-wrap elementor-element-populated\">\n\t\t\t\t\t\t<div class=\"elementor-element elementor-element-597b7bcb elementor-widget elementor-widget-text-editor\" data-id=\"597b7bcb\" data-element_type=\"widget\" data-e-type=\"widget\" data-widget_type=\"text-editor.default\">\n\t\t\t\t<div class=\"elementor-widget-container\">\n\t\t\t\t\t\t\t\t\t<h3 style=\"text-align: center;\"><em>\u00a0<\/em><\/h3><p><span style=\"color: #0000ff;\">O espectr\u00f4metro de emiss\u00e3o \u00f3ptica port\u00e1til ESAPORT, emprega sistemas \u00f3pticos CCD dedicados, oferecendo uma grande flexibilidade anal\u00edtica.<\/span><br \/><span style=\"color: #0000ff;\">O instrumento \u00e9 fabricado sob medida e \u00e9 de pequeno porte, podendo ser transportado e usado em qualquer local de trabalho.<\/span><\/p><p><span style=\"color: #0000ff;\">\u00c9 composto de uma pistola com fluxo de arg\u00f4nio, onde os resultados s\u00e3o compar\u00e1veis com espectr\u00f4metros de laborat\u00f3rio.<\/span><br \/><span style=\"color: #0000ff;\">Ele opera em tr\u00eas modos diferentes: separa\u00e7\u00e3o de materiais (conforme \/ n\u00e3o conforme), an\u00e1lise qu\u00edmica e identifica\u00e7\u00e3o de liga.<\/span><\/p>\t\t\t\t\t\t\t\t<\/div>\n\t\t\t\t<\/div>\n\t\t\t\t\t<\/div>\n\t\t<\/div>\n\t\t\t\t\t<\/div>\n\t\t<\/section>\n\t\t\t\t<\/div>\n\t\t","protected":false},"excerpt":{"rendered":"<p>Espectr\u00f4metros ESAPORT Baixar folheto \u00a0 O espectr\u00f4metro de emiss\u00e3o \u00f3ptica port\u00e1til ESAPORT, emprega sistemas \u00f3pticos CCD dedicados, oferecendo uma grande flexibilidade anal\u00edtica.O instrumento \u00e9 fabricado sob medida e \u00e9 de pequeno porte, podendo ser transportado e usado em qualquer local de trabalho. \u00c9 composto de uma pistola com fluxo de arg\u00f4nio, onde os resultados s\u00e3o [&hellip;]<\/p>\n","protected":false},"author":1,"featured_media":0,"parent":50,"menu_order":1,"comment_status":"closed","ping_status":"closed","template":"","meta":{"_eb_attr":"","site-sidebar-layout":"default","site-content-layout":"","ast-site-content-layout":"default","site-content-style":"default","site-sidebar-style":"default","ast-global-header-display":"","ast-banner-title-visibility":"","ast-main-header-display":"","ast-hfb-above-header-display":"","ast-hfb-below-header-display":"","ast-hfb-mobile-header-display":"","site-post-title":"","ast-breadcrumbs-content":"","ast-featured-img":"","footer-sml-layout":"","theme-transparent-header-meta":"","adv-header-id-meta":"","stick-header-meta":"","header-above-stick-meta":"","header-main-stick-meta":"","header-below-stick-meta":"","astra-migrate-meta-layouts":"set","ast-page-background-enabled":"default","ast-page-background-meta":{"desktop":{"background-color":"var(--ast-global-color-4)","background-image":"","background-repeat":"repeat","background-position":"center center","background-size":"auto","background-attachment":"scroll","background-type":"","background-media":"","overlay-type":"","overlay-color":"","overlay-opacity":"","overlay-gradient":""},"tablet":{"background-color":"","background-image":"","background-repeat":"repeat","background-position":"center center","background-size":"auto","background-attachment":"scroll","background-type":"","background-media":"","overlay-type":"","overlay-color":"","overlay-opacity":"","overlay-gradient":""},"mobile":{"background-color":"","background-image":"","background-repeat":"repeat","background-position":"center center","background-size":"auto","background-attachment":"scroll","background-type":"","background-media":"","overlay-type":"","overlay-color":"","overlay-opacity":"","overlay-gradient":""}},"ast-content-background-meta":{"desktop":{"background-color":"var(--ast-global-color-5)","background-image":"","background-repeat":"repeat","background-position":"center center","background-size":"auto","background-attachment":"scroll","background-type":"","background-media":"","overlay-type":"","overlay-color":"","overlay-opacity":"","overlay-gradient":""},"tablet":{"background-color":"var(--ast-global-color-5)","background-image":"","background-repeat":"repeat","background-position":"center center","background-size":"auto","background-attachment":"scroll","background-type":"","background-media":"","overlay-type":"","overlay-color":"","overlay-opacity":"","overlay-gradient":""},"mobile":{"background-color":"var(--ast-global-color-5)","background-image":"","background-repeat":"repeat","background-position":"center center","background-size":"auto","background-attachment":"scroll","background-type":"","background-media":"","overlay-type":"","overlay-color":"","overlay-opacity":"","overlay-gradient":""}},"footnotes":""},"class_list":["post-203","page","type-page","status-publish","hentry"],"yoast_head":"<!-- This site is optimized with the Yoast SEO plugin v27.3 - https:\/\/yoast.com\/product\/yoast-seo-wordpress\/ -->\n<title>Espectr\u00f4metro Port\u00e1til - Espectr\u00f4metros<\/title>\n<meta name=\"robots\" content=\"index, follow, max-snippet:-1, max-image-preview:large, max-video-preview:-1\" \/>\n<link rel=\"canonical\" href=\"https:\/\/www.gnrbrasil.net\/wordpress\/index.php\/produtos\/espectrometros-de-emissao-optica\/portateis\/\" \/>\n<meta property=\"og:locale\" content=\"pt_BR\" \/>\n<meta property=\"og:type\" content=\"article\" \/>\n<meta property=\"og:title\" content=\"Espectr\u00f4metro Port\u00e1til - Espectr\u00f4metros\" \/>\n<meta property=\"og:description\" content=\"Espectr\u00f4metros ESAPORT Baixar folheto \u00a0 O espectr\u00f4metro de emiss\u00e3o \u00f3ptica port\u00e1til ESAPORT, emprega sistemas \u00f3pticos CCD dedicados, oferecendo uma grande flexibilidade anal\u00edtica.O instrumento \u00e9 fabricado sob medida e \u00e9 de pequeno porte, podendo ser transportado e usado em qualquer local de trabalho. \u00c9 composto de uma pistola com fluxo de arg\u00f4nio, onde os resultados s\u00e3o [&hellip;]\" \/>\n<meta property=\"og:url\" content=\"https:\/\/www.gnrbrasil.net\/wordpress\/index.php\/produtos\/espectrometros-de-emissao-optica\/portateis\/\" \/>\n<meta property=\"og:site_name\" content=\"Espectr\u00f4metros\" \/>\n<meta property=\"article:publisher\" content=\"https:\/\/www.facebook.com\/gnrbrasil.net\" \/>\n<meta property=\"article:modified_time\" content=\"2023-09-02T13:08:51+00:00\" \/>\n<meta property=\"og:image\" content=\"https:\/\/www.gnrbrasil.net\/wordpress\/wp-content\/uploads\/2023\/08\/Esaport2-768x509.jpg\" \/>\n<meta name=\"twitter:card\" content=\"summary_large_image\" \/>\n<meta name=\"twitter:label1\" content=\"Est. tempo de leitura\" \/>\n\t<meta name=\"twitter:data1\" content=\"3 minutos\" \/>\n<script type=\"application\/ld+json\" class=\"yoast-schema-graph\">{\"@context\":\"https:\\\/\\\/schema.org\",\"@graph\":[{\"@type\":\"WebPage\",\"@id\":\"https:\\\/\\\/www.gnrbrasil.net\\\/wordpress\\\/index.php\\\/produtos\\\/espectrometros-de-emissao-optica\\\/portateis\\\/\",\"url\":\"https:\\\/\\\/www.gnrbrasil.net\\\/wordpress\\\/index.php\\\/produtos\\\/espectrometros-de-emissao-optica\\\/portateis\\\/\",\"name\":\"Espectr\u00f4metro Port\u00e1til - Espectr\u00f4metros\",\"isPartOf\":{\"@id\":\"https:\\\/\\\/www.gnrbrasil.net\\\/wordpress\\\/#website\"},\"primaryImageOfPage\":{\"@id\":\"https:\\\/\\\/www.gnrbrasil.net\\\/wordpress\\\/index.php\\\/produtos\\\/espectrometros-de-emissao-optica\\\/portateis\\\/#primaryimage\"},\"image\":{\"@id\":\"https:\\\/\\\/www.gnrbrasil.net\\\/wordpress\\\/index.php\\\/produtos\\\/espectrometros-de-emissao-optica\\\/portateis\\\/#primaryimage\"},\"thumbnailUrl\":\"https:\\\/\\\/www.gnrbrasil.net\\\/wordpress\\\/wp-content\\\/uploads\\\/2023\\\/08\\\/Esaport2-768x509.jpg\",\"datePublished\":\"2015-09-24T22:43:17+00:00\",\"dateModified\":\"2023-09-02T13:08:51+00:00\",\"breadcrumb\":{\"@id\":\"https:\\\/\\\/www.gnrbrasil.net\\\/wordpress\\\/index.php\\\/produtos\\\/espectrometros-de-emissao-optica\\\/portateis\\\/#breadcrumb\"},\"inLanguage\":\"pt-BR\",\"potentialAction\":[{\"@type\":\"ReadAction\",\"target\":[\"https:\\\/\\\/www.gnrbrasil.net\\\/wordpress\\\/index.php\\\/produtos\\\/espectrometros-de-emissao-optica\\\/portateis\\\/\"]}]},{\"@type\":\"ImageObject\",\"inLanguage\":\"pt-BR\",\"@id\":\"https:\\\/\\\/www.gnrbrasil.net\\\/wordpress\\\/index.php\\\/produtos\\\/espectrometros-de-emissao-optica\\\/portateis\\\/#primaryimage\",\"url\":\"https:\\\/\\\/www.gnrbrasil.net\\\/wordpress\\\/wp-content\\\/uploads\\\/2023\\\/08\\\/Esaport2.jpg\",\"contentUrl\":\"https:\\\/\\\/www.gnrbrasil.net\\\/wordpress\\\/wp-content\\\/uploads\\\/2023\\\/08\\\/Esaport2.jpg\",\"width\":1417,\"height\":939},{\"@type\":\"BreadcrumbList\",\"@id\":\"https:\\\/\\\/www.gnrbrasil.net\\\/wordpress\\\/index.php\\\/produtos\\\/espectrometros-de-emissao-optica\\\/portateis\\\/#breadcrumb\",\"itemListElement\":[{\"@type\":\"ListItem\",\"position\":1,\"name\":\"In\u00edcio\",\"item\":\"https:\\\/\\\/www.gnrbrasil.net\\\/wordpress\\\/\"},{\"@type\":\"ListItem\",\"position\":2,\"name\":\"Produtos\",\"item\":\"https:\\\/\\\/www.gnrbrasil.net\\\/wordpress\\\/index.php\\\/produtos\\\/\"},{\"@type\":\"ListItem\",\"position\":3,\"name\":\"Espectr\u00f4metros de emiss\u00e3o \u00f3ptica\",\"item\":\"https:\\\/\\\/www.gnrbrasil.net\\\/wordpress\\\/index.php\\\/produtos\\\/espectrometros-de-emissao-optica\\\/\"},{\"@type\":\"ListItem\",\"position\":4,\"name\":\"Espectr\u00f4metro Port\u00e1til\"}]},{\"@type\":\"WebSite\",\"@id\":\"https:\\\/\\\/www.gnrbrasil.net\\\/wordpress\\\/#website\",\"url\":\"https:\\\/\\\/www.gnrbrasil.net\\\/wordpress\\\/\",\"name\":\"Espectr\u00f4metros\",\"description\":\"\",\"publisher\":{\"@id\":\"https:\\\/\\\/www.gnrbrasil.net\\\/wordpress\\\/#organization\"},\"potentialAction\":[{\"@type\":\"SearchAction\",\"target\":{\"@type\":\"EntryPoint\",\"urlTemplate\":\"https:\\\/\\\/www.gnrbrasil.net\\\/wordpress\\\/?s={search_term_string}\"},\"query-input\":{\"@type\":\"PropertyValueSpecification\",\"valueRequired\":true,\"valueName\":\"search_term_string\"}}],\"inLanguage\":\"pt-BR\"},{\"@type\":\"Organization\",\"@id\":\"https:\\\/\\\/www.gnrbrasil.net\\\/wordpress\\\/#organization\",\"name\":\"GNR Brasil\",\"url\":\"https:\\\/\\\/www.gnrbrasil.net\\\/wordpress\\\/\",\"logo\":{\"@type\":\"ImageObject\",\"inLanguage\":\"pt-BR\",\"@id\":\"https:\\\/\\\/www.gnrbrasil.net\\\/wordpress\\\/#\\\/schema\\\/logo\\\/image\\\/\",\"url\":\"https:\\\/\\\/www.gnrbrasil.net\\\/wordpress\\\/wp-content\\\/uploads\\\/2023\\\/08\\\/cropped-cropped-Logo-GNR.jpg\",\"contentUrl\":\"https:\\\/\\\/www.gnrbrasil.net\\\/wordpress\\\/wp-content\\\/uploads\\\/2023\\\/08\\\/cropped-cropped-Logo-GNR.jpg\",\"width\":251,\"height\":99,\"caption\":\"GNR Brasil\"},\"image\":{\"@id\":\"https:\\\/\\\/www.gnrbrasil.net\\\/wordpress\\\/#\\\/schema\\\/logo\\\/image\\\/\"},\"sameAs\":[\"https:\\\/\\\/www.facebook.com\\\/gnrbrasil.net\",\"https:\\\/\\\/www.instagram.com\\\/gnrbrasil2023\\\/\"]}]}<\/script>\n<!-- \/ Yoast SEO plugin. -->","yoast_head_json":{"title":"Espectr\u00f4metro Port\u00e1til - Espectr\u00f4metros","robots":{"index":"index","follow":"follow","max-snippet":"max-snippet:-1","max-image-preview":"max-image-preview:large","max-video-preview":"max-video-preview:-1"},"canonical":"https:\/\/www.gnrbrasil.net\/wordpress\/index.php\/produtos\/espectrometros-de-emissao-optica\/portateis\/","og_locale":"pt_BR","og_type":"article","og_title":"Espectr\u00f4metro Port\u00e1til - Espectr\u00f4metros","og_description":"Espectr\u00f4metros ESAPORT Baixar folheto \u00a0 O espectr\u00f4metro de emiss\u00e3o \u00f3ptica port\u00e1til ESAPORT, emprega sistemas \u00f3pticos CCD dedicados, oferecendo uma grande flexibilidade anal\u00edtica.O instrumento \u00e9 fabricado sob medida e \u00e9 de pequeno porte, podendo ser transportado e usado em qualquer local de trabalho. \u00c9 composto de uma pistola com fluxo de arg\u00f4nio, onde os resultados s\u00e3o [&hellip;]","og_url":"https:\/\/www.gnrbrasil.net\/wordpress\/index.php\/produtos\/espectrometros-de-emissao-optica\/portateis\/","og_site_name":"Espectr\u00f4metros","article_publisher":"https:\/\/www.facebook.com\/gnrbrasil.net","article_modified_time":"2023-09-02T13:08:51+00:00","og_image":[{"url":"https:\/\/www.gnrbrasil.net\/wordpress\/wp-content\/uploads\/2023\/08\/Esaport2-768x509.jpg","type":"","width":"","height":""}],"twitter_card":"summary_large_image","twitter_misc":{"Est. tempo de leitura":"3 minutos"},"schema":{"@context":"https:\/\/schema.org","@graph":[{"@type":"WebPage","@id":"https:\/\/www.gnrbrasil.net\/wordpress\/index.php\/produtos\/espectrometros-de-emissao-optica\/portateis\/","url":"https:\/\/www.gnrbrasil.net\/wordpress\/index.php\/produtos\/espectrometros-de-emissao-optica\/portateis\/","name":"Espectr\u00f4metro Port\u00e1til - Espectr\u00f4metros","isPartOf":{"@id":"https:\/\/www.gnrbrasil.net\/wordpress\/#website"},"primaryImageOfPage":{"@id":"https:\/\/www.gnrbrasil.net\/wordpress\/index.php\/produtos\/espectrometros-de-emissao-optica\/portateis\/#primaryimage"},"image":{"@id":"https:\/\/www.gnrbrasil.net\/wordpress\/index.php\/produtos\/espectrometros-de-emissao-optica\/portateis\/#primaryimage"},"thumbnailUrl":"https:\/\/www.gnrbrasil.net\/wordpress\/wp-content\/uploads\/2023\/08\/Esaport2-768x509.jpg","datePublished":"2015-09-24T22:43:17+00:00","dateModified":"2023-09-02T13:08:51+00:00","breadcrumb":{"@id":"https:\/\/www.gnrbrasil.net\/wordpress\/index.php\/produtos\/espectrometros-de-emissao-optica\/portateis\/#breadcrumb"},"inLanguage":"pt-BR","potentialAction":[{"@type":"ReadAction","target":["https:\/\/www.gnrbrasil.net\/wordpress\/index.php\/produtos\/espectrometros-de-emissao-optica\/portateis\/"]}]},{"@type":"ImageObject","inLanguage":"pt-BR","@id":"https:\/\/www.gnrbrasil.net\/wordpress\/index.php\/produtos\/espectrometros-de-emissao-optica\/portateis\/#primaryimage","url":"https:\/\/www.gnrbrasil.net\/wordpress\/wp-content\/uploads\/2023\/08\/Esaport2.jpg","contentUrl":"https:\/\/www.gnrbrasil.net\/wordpress\/wp-content\/uploads\/2023\/08\/Esaport2.jpg","width":1417,"height":939},{"@type":"BreadcrumbList","@id":"https:\/\/www.gnrbrasil.net\/wordpress\/index.php\/produtos\/espectrometros-de-emissao-optica\/portateis\/#breadcrumb","itemListElement":[{"@type":"ListItem","position":1,"name":"In\u00edcio","item":"https:\/\/www.gnrbrasil.net\/wordpress\/"},{"@type":"ListItem","position":2,"name":"Produtos","item":"https:\/\/www.gnrbrasil.net\/wordpress\/index.php\/produtos\/"},{"@type":"ListItem","position":3,"name":"Espectr\u00f4metros de emiss\u00e3o \u00f3ptica","item":"https:\/\/www.gnrbrasil.net\/wordpress\/index.php\/produtos\/espectrometros-de-emissao-optica\/"},{"@type":"ListItem","position":4,"name":"Espectr\u00f4metro Port\u00e1til"}]},{"@type":"WebSite","@id":"https:\/\/www.gnrbrasil.net\/wordpress\/#website","url":"https:\/\/www.gnrbrasil.net\/wordpress\/","name":"Espectr\u00f4metros","description":"","publisher":{"@id":"https:\/\/www.gnrbrasil.net\/wordpress\/#organization"},"potentialAction":[{"@type":"SearchAction","target":{"@type":"EntryPoint","urlTemplate":"https:\/\/www.gnrbrasil.net\/wordpress\/?s={search_term_string}"},"query-input":{"@type":"PropertyValueSpecification","valueRequired":true,"valueName":"search_term_string"}}],"inLanguage":"pt-BR"},{"@type":"Organization","@id":"https:\/\/www.gnrbrasil.net\/wordpress\/#organization","name":"GNR Brasil","url":"https:\/\/www.gnrbrasil.net\/wordpress\/","logo":{"@type":"ImageObject","inLanguage":"pt-BR","@id":"https:\/\/www.gnrbrasil.net\/wordpress\/#\/schema\/logo\/image\/","url":"https:\/\/www.gnrbrasil.net\/wordpress\/wp-content\/uploads\/2023\/08\/cropped-cropped-Logo-GNR.jpg","contentUrl":"https:\/\/www.gnrbrasil.net\/wordpress\/wp-content\/uploads\/2023\/08\/cropped-cropped-Logo-GNR.jpg","width":251,"height":99,"caption":"GNR Brasil"},"image":{"@id":"https:\/\/www.gnrbrasil.net\/wordpress\/#\/schema\/logo\/image\/"},"sameAs":["https:\/\/www.facebook.com\/gnrbrasil.net","https:\/\/www.instagram.com\/gnrbrasil2023\/"]}]}},"_links":{"self":[{"href":"https:\/\/www.gnrbrasil.net\/wordpress\/index.php\/wp-json\/wp\/v2\/pages\/203","targetHints":{"allow":["GET"]}}],"collection":[{"href":"https:\/\/www.gnrbrasil.net\/wordpress\/index.php\/wp-json\/wp\/v2\/pages"}],"about":[{"href":"https:\/\/www.gnrbrasil.net\/wordpress\/index.php\/wp-json\/wp\/v2\/types\/page"}],"author":[{"embeddable":true,"href":"https:\/\/www.gnrbrasil.net\/wordpress\/index.php\/wp-json\/wp\/v2\/users\/1"}],"replies":[{"embeddable":true,"href":"https:\/\/www.gnrbrasil.net\/wordpress\/index.php\/wp-json\/wp\/v2\/comments?post=203"}],"version-history":[{"count":33,"href":"https:\/\/www.gnrbrasil.net\/wordpress\/index.php\/wp-json\/wp\/v2\/pages\/203\/revisions"}],"predecessor-version":[{"id":1339,"href":"https:\/\/www.gnrbrasil.net\/wordpress\/index.php\/wp-json\/wp\/v2\/pages\/203\/revisions\/1339"}],"up":[{"embeddable":true,"href":"https:\/\/www.gnrbrasil.net\/wordpress\/index.php\/wp-json\/wp\/v2\/pages\/50"}],"wp:attachment":[{"href":"https:\/\/www.gnrbrasil.net\/wordpress\/index.php\/wp-json\/wp\/v2\/media?parent=203"}],"curies":[{"name":"wp","href":"https:\/\/api.w.org\/{rel}","templated":true}]}}